-129252 + -3?
-129255
In base 2, what is -11110010 - -100101?
-11001101
In base 2, what is 101010 + 1100011100?
1101000110
In base 14, what is -1a18 + -144?
-1b5c
In base 12, what is 12 - -bb2?
1004
In base 2, what is -1001110000 - -100101010?
-101000110
In base 15, what is 125 + -1b4?
-8e
In base 11, what is 384a + -28?
3822
In base 14, what is -2d65 - 3a?
-2da1
In base 12, what is -5 + 203a85?
203a80
In base 13, what is b - -537?
545
In base 9, what is 8 - 4128?
-4120
In base 2, what is 11010000011000100 - 100?
11010000011000000
In base 16, what is -a + -1ebc?
-1ec6
In base 8, what is -516 + 523?
5
In base 15, what is 32 - 2cb?
-299
In base 2, what is -101000 + 11010000101?
11001011101
In base 6, what is 13 + 4015243?
4015300
In base 11, what is -6 + -1a317?
-1a322
In base 10, what is 115556 - -4?
115560
In base 3, what is 1211201 + 1100?
1220001
In base 14, what is 2063d0 + 1?
2063d1
In base 11, what is 50785 + 0?
50785
In base 7, what is -305421 - 4?
-305425
In base 10, what is -363 + -294?
-657
In base 12, what is 2273 - a5?
218a
In base 6, what is 1050 + 354?
1444
In base 7, what is 5215 - -104?
5322
In base 4, what is -201 - 303012?
-303213
In base 7, what is -1 + -22134?
-22135
In base 7, what is -43 + 23313?
23240
In base 15, what is 3 - -2a00c?
2a010
In base 16, what is 2ec7 - -6?
2ecd
In base 9, what is 36282 + -66?
36215
In base 7, what is -255046 + 0?
-255046
In base 14, what is -883 + -202?
-a85
In base 3, what is 110012202120 - -2?
110012202122
In base 15, what is -3 + 120b9d?
120b9a
In base 13, what is 11 + 1c364?
1c375
In base 12, what is 12 + -2720a?
-271b8
In base 15, what is -333 + 103d?
c0a
In base 13, what is 10 + 9b9?
9c9
In base 4, what is 1103122 - -12?
1103200
In base 14, what is 143974 + 1?
143975
In base 4, what is 0 + -2203323121?
-2203323121
In base 10, what is -275285 - 4?
-275289
In base 4, what is -1331 - -120301?
112310
In base 15, what is 5 + -4b01c?
-4b017
In base 10, what is -13395 - 55?
-13450
In base 16, what is -b6 + -372?
-428
In base 6, what is -142550 - -4?
-142542
In base 11, what is -2138 + -126a?
-33a7
In base 12, what is 5446 + -84?
5382
In base 14, what is -28c4 + -8?
-28cc
In base 13, what is 45a6a + 1?
45a6b
In base 9, what is -22 + 10231?
10208
In base 16, what is -17 + -d3ab?
-d3c2
In base 2, what is -10010010100110101000 - -10?
-10010010100110100110
In base 13, what is 304409 + -5?
304404
In base 5, what is 101004 - -3?
101012
In base 7, what is 5 + -23622?
-23614
In base 4, what is -10 - 1003222?
-1003232
In base 6, what is -32203 + 201?
-32002
In base 12, what is -10219 - 3?
-10220
In base 9, what is -31872 + -6?
-31878
In base 14, what is 8d76 + 15?
8d8b
In base 2, what is -1000000111 + 101010001?
-10110110
In base 12, what is 0 - 9605?
-9605
In base 3, what is -20 + 100220102?
100220012
In base 8, what is 17575 + -1272?
16303
In base 16, what is 788 + -e?
77a
In base 2, what is -111010100011 - 1101?
-111010110000
In base 16, what is -1ba05 - -1?
-1ba04
In base 15, what is 419a + 92?
423c
In base 12, what is -27605 - 5?
-2760a
In base 5, what is 12 + 403011312?
403011324
In base 13, what is 3a8 - -149?
524
In base 9, what is -5226575 + -1?
-5226576
In base 11, what is -24 - -27220?
271a7
In base 12, what is 4 - -194166?
19416a
In base 11, what is -1625a3 - 11?
-162604
In base 15, what is 159 - -52?
1ab
In base 16, what is -227f + -e?
-228d
In base 3, what is 20221 + -200002?
-102011
In base 11, what is -451389 - 3?
-451391
In base 7, what is -405 + -52?
-460
In base 6, what is 0 - 11143203?
-11143203
In base 8, what is -11675 + -4?
-11701
In base 9, what is -31486 + 1?
-31485
In base 4, what is 1103 + 3332?
11101
In base 11, what is -863 + -5?
-868
In base 16, what is 9 - 175?
-16c
In base 7, what is -33 + -121201?
-121234
In base 16, what is 108ee8 + -2?
108ee6
In base 12, what is -1 + 11863?
11862
In base 7, what is -3 - 135051?
-135054
In base 4, what is 111 + -10031321?
-10031210
In base 5, what is -221001 + -10?
-221011
In base 10, what is -5243 - -45?
-5198
In base 8, what is 0 + -254425?
-254425
In base 12, what is -1a2 + -62?
-244
In base 4, what is 21220 - -1111?
22331
In base 10, what is 9646 + 3?
9649
In base 10, what is 0 - 8895?
-8895
In base 9, what is -166 + 203?
26
In base 4, what is -3311 - -1231?
-2020
In base 15, what is 14a726 + -4?
14a722
In base 8, what is 1 + -147643?
-147642
In base 9, what is -7061 + 16?
-7044
In base 8, what is 43232 + -5?
43225
In base 4, what is 103301303 + 0?
103301303
In base 15, what is 15db0 - 0?
15db0
In base 16, what is 5 - 1c45b8?
-1c45b3
In base 10, what is 262893 + 2?
262895
In base 12, what is 9a8 + -555?
453
In base 13, what is 32 - -6758?
678a
In base 14, what is -7 - -108b5?
108ac
In base 6, what is -42 + -15002?
-15044
In base 3, what is 10022121 + 1121?
10101012
In base 11, what is 29 + -335?
-307
In base 10, what is -499482 + 5?
-499477
In base 14, what is -38 - -27b?
243
In base 14, what is 15 + 6b1a?
6b31
In base 8, what is -3701111 - 3?
-3701114
In base 12, what is -72 + -609?
-67b
In base 11, what is 3071 - 40?
3031
In base 5, what is -244331 + 22?
-244304
In base 16, what is 85a0 - -5?
85a5
In base 12, what is 233 + b24?
1157
In base 16, what is 27a2 - 5?
279d
In base 4, what is -231330 - -2133?
-223131
In base 7, what is -430 + 33550?
33120
In base 2, what is -100100000 + 1010001?
-11001111
In base 13, what is 1210 - 5a9?
934
In base 15, what is -e3 + 3009?
2e16
In base 2, what is -1100100010 - -11100111001?
10000010111
In base 7, what is -63 + 43155?
43062
In base 14, what is -4c585 - -5?
-4c580
In base 8, what is 3 + 155714?
155717
In base 13, what is -746 - 65?
-7ab
In base 12, what is -8b88 - 23?
-8bab
In base 6, what is -5 + 2413523?
2413514
In base 11, what is 1805261 + 1?
1805262
In base 3, what is 12 + -210201001201?
-210201001112
In base 12, what is -a89a4 + -2?
-a89a6
In base 13, what is -23404 + 9?
-233c8
In base 8, what is 1652 - -346?
2220
In base 13, what is -3 + 88417?
88414
In base 11, what is 4 - 8131?
-8128
In base 2, what is -10 - -10111011?
10111001
In base 13, what is -3c93 + 3?
-3c90
In base 8, what is 17627 + 213?
20042
In base 3, what is -100010 + 10211?
-12022
In base 11, what is -a + 25a8?
2599
In base 8, what is 41 - -15656?
15717
In base 12, what is 99b4 + 7?
99bb
In base 11, what is 14 - -42638?
42651
In base 12, what is 32b51 - 44?
32b09
In base 6, what is -341 + 144?
-153
In base 4, what is 0 + 20003021?
20003021
In base 16, what is -1139 - 0?
-1139
In base 8, what is 477 - 237?
240
In base 4, what is -332311 + -211?
-333122
In base 10, what is 985 - -24?
1009
In base 6, what is 10212 + 4?
10220
In base 8, what is 14023 + 141?
14164
In base 13, what is -5b2 + 58a?
-25
In base 9, what is 5 + 1641?
1646
In base 15, what is -7cdd8 + 4?
-7cdd4
In base 16, what is -4e80 + 33?
-4e4d
In base 15, what is 25709 - -3?
2570c
In base 6, what is 2421333 + 3?
2421340
In base 16, what is -27a + de?
-19c
In base 7, what is 2422 + 20262?
23014
In base 6, what is 14120 + 2535?
21055
In base 9, what is 110 - -3625?
3735
In base 16, what is -152608 - -3?
-152605
In base 7, what is 236 - 5453?
-5214
In base 15, what is -6 - -5e97?
5e91
In base 14, what is 903 + 5?
908
In base 8, what is 1314744 - -15?
1314761
In base 3, what is 1102010 - -1002122?
2111202
In base 4, what is -1 + 2032033?
2032032
In base 12, what is 4 - -801?
805
In base 2, what is -11100101 - -11010101101?
10111001000
In base 2, what is 11111010010111 + 11010110?
11111101101101
In base 11, what is a28 - 247?
791
In base 14, what is 1 + 20778?
20779
In base 10, what is -17256 - -19?
-17237
In base 8, what is 166770 + -1?
166767
In base 9, what is 12 - -74432?
74444
In base 15, what is -5 - 1466d?
-14673
In base 11, what is 9 - 73a9?
-73a0
In base 5, what is -1030 - -1012411?
1011331
In base 10, what is -8014 - -12?
-8002
In base 10, what is -6561 - -35?
-6526
In base 4, what is -31312 + 121113?
23201
In base 14, what is 42d8db + 1?
42d8dc
In base 3, what is 12 - 20021211012?
-20021211000
In base 11, what is -567 + -19?
-585
In base 3, what is -101111 + 1020012?
211201
In base 10, what is -14775 - 48?
-14823
In base 9, what is 562651 + -5?
562645
In base 8, what is -46 - 66371?
-66437
In base 10, what is 2 - 353769?
-353767
In base 6, what is 